{"id":78,"date":"2022-11-01T12:17:59","date_gmt":"2022-11-01T18:17:59","guid":{"rendered":"https:\/\/urdimbretricolor.com\/?post_type=product&#038;p=78"},"modified":"2022-11-01T16:47:34","modified_gmt":"2022-11-01T22:47:34","slug":"tela-tusor","status":"publish","type":"product","link":"https:\/\/urdimbretricolor.com\/index.php\/product\/tela-tusor\/","title":{"rendered":"Tela Tusor"},"content":{"rendered":"<p>Tela tusor de algod\u00f3n en color crudo con un ancho de 160 cm. Excelente para colar l\u00edquidos, cortinas, bolsas ecol\u00f3gicas.<\/p>\n","protected":false},"excerpt":{"rendered":"<p>Tela tusor de algod\u00f3n en color crudo con un ancho de 160 cm. Excelente para colar l\u00edquidos, cortinas, bolsas ecol\u00f3gicas.<\/p>\n","protected":false},"featured_media":128,"comment_status":"closed","ping_status":"closed","template":"","meta":{"_et_pb_use_builder":"","_et_pb_old_content":"","_et_gb_content_width":"","_joinchat":[]},"product_cat":[17],"product_tag":[],"_links":{"self":[{"href":"https:\/\/urdimbretricolor.com\/index.php\/wp-json\/wp\/v2\/product\/78"}],"collection":[{"href":"https:\/\/urdimbretricolor.com\/index.php\/wp-json\/wp\/v2\/product"}],"about":[{"href":"https:\/\/urdimbretricolor.com\/index.php\/wp-json\/wp\/v2\/types\/product"}],"replies":[{"embeddable":true,"href":"https:\/\/urdimbretricolor.com\/index.php\/wp-json\/wp\/v2\/comments?post=78"}],"wp:featuredmedia":[{"embeddable":true,"href":"https:\/\/urdimbretricolor.com\/index.php\/wp-json\/wp\/v2\/media\/128"}],"wp:attachment":[{"href":"https:\/\/urdimbretricolor.com\/index.php\/wp-json\/wp\/v2\/media?parent=78"}],"wp:term":[{"taxonomy":"product_cat","embeddable":true,"href":"https:\/\/urdimbretricolor.com\/index.php\/wp-json\/wp\/v2\/product_cat?post=78"},{"taxonomy":"product_tag","embeddable":true,"href":"https:\/\/urdimbretricolor.com\/index.php\/wp-json\/wp\/v2\/product_tag?post=78"}],"curies":[{"name":"wp","href":"https:\/\/api.w.org\/{rel}","templated":true}]}}