{"id":75,"date":"2022-11-01T12:17:59","date_gmt":"2022-11-01T18:17:59","guid":{"rendered":"https:\/\/urdimbretricolor.com\/?post_type=product&#038;p=75"},"modified":"2022-11-01T16:47:46","modified_gmt":"2022-11-01T22:47:46","slug":"tela-tafetan","status":"publish","type":"product","link":"https:\/\/urdimbretricolor.com\/index.php\/product\/tela-tafetan\/","title":{"rendered":"Tela Tafet\u00e1n"},"content":{"rendered":"<p>Tela tergal stretch compuesta tela 100% de poli\u00e9ster , tiene variedad de colores y se utiliza para manteler\u00eda, servilletas.<\/p>\n","protected":false},"excerpt":{"rendered":"<p>Tela tergal stretch compuesta tela 100% de poli\u00e9ster , tiene variedad de colores y se utiliza para manteler\u00eda, servilletas.<\/p>\n","protected":false},"featured_media":131,"comment_status":"closed","ping_status":"closed","template":"","meta":{"_et_pb_use_builder":"","_et_pb_old_content":"","_et_gb_content_width":"","_joinchat":[]},"product_cat":[17],"product_tag":[],"_links":{"self":[{"href":"https:\/\/urdimbretricolor.com\/index.php\/wp-json\/wp\/v2\/product\/75"}],"collection":[{"href":"https:\/\/urdimbretricolor.com\/index.php\/wp-json\/wp\/v2\/product"}],"about":[{"href":"https:\/\/urdimbretricolor.com\/index.php\/wp-json\/wp\/v2\/types\/product"}],"replies":[{"embeddable":true,"href":"https:\/\/urdimbretricolor.com\/index.php\/wp-json\/wp\/v2\/comments?post=75"}],"wp:featuredmedia":[{"embeddable":true,"href":"https:\/\/urdimbretricolor.com\/index.php\/wp-json\/wp\/v2\/media\/131"}],"wp:attachment":[{"href":"https:\/\/urdimbretricolor.com\/index.php\/wp-json\/wp\/v2\/media?parent=75"}],"wp:term":[{"taxonomy":"product_cat","embeddable":true,"href":"https:\/\/urdimbretricolor.com\/index.php\/wp-json\/wp\/v2\/product_cat?post=75"},{"taxonomy":"product_tag","embeddable":true,"href":"https:\/\/urdimbretricolor.com\/index.php\/wp-json\/wp\/v2\/product_tag?post=75"}],"curies":[{"name":"wp","href":"https:\/\/api.w.org\/{rel}","templated":true}]}}