{"id":59,"date":"2022-11-01T12:17:38","date_gmt":"2022-11-01T18:17:38","guid":{"rendered":"https:\/\/urdimbretricolor.com\/?post_type=product&#038;p=59"},"modified":"2022-11-01T16:45:06","modified_gmt":"2022-11-01T22:45:06","slug":"tela-popelina-negra","status":"publish","type":"product","link":"https:\/\/urdimbretricolor.com\/index.php\/product\/tela-popelina-negra\/","title":{"rendered":"Tela Popelina Negra"},"content":{"rendered":"<p>Popelina negra con composici\u00f3n tela 90% poli\u00e9ster &#8211; tela 10% algod\u00f3n para camisas, vestidos o uniformes escolares.<\/p>\n","protected":false},"excerpt":{"rendered":"<p>Popelina negra con composici\u00f3n tela 90% poli\u00e9ster &#8211; tela 10% algod\u00f3n para camisas, vestidos o uniformes escolares.<\/p>\n","protected":false},"featured_media":138,"comment_status":"closed","ping_status":"closed","template":"","meta":{"_et_pb_use_builder":"","_et_pb_old_content":"","_et_gb_content_width":"","_joinchat":[]},"product_cat":[17],"product_tag":[],"_links":{"self":[{"href":"https:\/\/urdimbretricolor.com\/index.php\/wp-json\/wp\/v2\/product\/59"}],"collection":[{"href":"https:\/\/urdimbretricolor.com\/index.php\/wp-json\/wp\/v2\/product"}],"about":[{"href":"https:\/\/urdimbretricolor.com\/index.php\/wp-json\/wp\/v2\/types\/product"}],"replies":[{"embeddable":true,"href":"https:\/\/urdimbretricolor.com\/index.php\/wp-json\/wp\/v2\/comments?post=59"}],"wp:featuredmedia":[{"embeddable":true,"href":"https:\/\/urdimbretricolor.com\/index.php\/wp-json\/wp\/v2\/media\/138"}],"wp:attachment":[{"href":"https:\/\/urdimbretricolor.com\/index.php\/wp-json\/wp\/v2\/media?parent=59"}],"wp:term":[{"taxonomy":"product_cat","embeddable":true,"href":"https:\/\/urdimbretricolor.com\/index.php\/wp-json\/wp\/v2\/product_cat?post=59"},{"taxonomy":"product_tag","embeddable":true,"href":"https:\/\/urdimbretricolor.com\/index.php\/wp-json\/wp\/v2\/product_tag?post=59"}],"curies":[{"name":"wp","href":"https:\/\/api.w.org\/{rel}","templated":true}]}}