{"id":30,"date":"2022-11-01T12:17:13","date_gmt":"2022-11-01T18:17:13","guid":{"rendered":"https:\/\/urdimbretricolor.com\/?post_type=product&#038;p=30"},"modified":"2022-11-01T16:38:08","modified_gmt":"2022-11-01T22:38:08","slug":"tela-franela-lisa","status":"publish","type":"product","link":"https:\/\/urdimbretricolor.com\/index.php\/product\/tela-franela-lisa\/","title":{"rendered":"Tela Franela Lisa"},"content":{"rendered":"<p>Franela lisa suave al tacto tela 100% algod\u00f3n super absorbente fundamental para la limpieza del d\u00eda a d\u00eda.<\/p>\n","protected":false},"excerpt":{"rendered":"<p>Franela lisa suave al tacto tela 100% algod\u00f3n super absorbente fundamental para la limpieza del d\u00eda a d\u00eda.<\/p>\n","protected":false},"featured_media":160,"comment_status":"closed","ping_status":"closed","template":"","meta":{"_et_pb_use_builder":"","_et_pb_old_content":"","_et_gb_content_width":"","_joinchat":[]},"product_cat":[17],"product_tag":[],"_links":{"self":[{"href":"https:\/\/urdimbretricolor.com\/index.php\/wp-json\/wp\/v2\/product\/30"}],"collection":[{"href":"https:\/\/urdimbretricolor.com\/index.php\/wp-json\/wp\/v2\/product"}],"about":[{"href":"https:\/\/urdimbretricolor.com\/index.php\/wp-json\/wp\/v2\/types\/product"}],"replies":[{"embeddable":true,"href":"https:\/\/urdimbretricolor.com\/index.php\/wp-json\/wp\/v2\/comments?post=30"}],"wp:featuredmedia":[{"embeddable":true,"href":"https:\/\/urdimbretricolor.com\/index.php\/wp-json\/wp\/v2\/media\/160"}],"wp:attachment":[{"href":"https:\/\/urdimbretricolor.com\/index.php\/wp-json\/wp\/v2\/media?parent=30"}],"wp:term":[{"taxonomy":"product_cat","embeddable":true,"href":"https:\/\/urdimbretricolor.com\/index.php\/wp-json\/wp\/v2\/product_cat?post=30"},{"taxonomy":"product_tag","embeddable":true,"href":"https:\/\/urdimbretricolor.com\/index.php\/wp-json\/wp\/v2\/product_tag?post=30"}],"curies":[{"name":"wp","href":"https:\/\/api.w.org\/{rel}","templated":true}]}}